 y(k) = 3*k**3 + 2*k + 3. Let b(f) = -4*w(f) - 3*y(f). Determine b(c).
4
Suppose -221 + 207 = -7*n. Let y(a) = -392*a**2 - n*a + 390*a**2 + 5*a. Calculate y(4).
-20
Suppose -2*s + 6*s = -56. Let y be 116/(-203)*s/(-4). Let p(w) = -4 + 4 - 4*w. Determine p(y).
8
Let y be ((-16)/7)/((-82)/(-287)). Let m(j) = -j**2 - 8*j - 17. Calculate m(y).
-17
Let w(q) = 6*q + 46. Let p be w(-8). Let s(f) = f**3 + 4. Let t be s(0). Let n(x) = -t*x + 7*x + x - 1. Give n(p).
-9
Let m(j) be the third derivative of -11*j**2 + 0*j + 4/3*j**3 + 0 + 1/6*j**4 + 1/60*j**5. Let k(v) = -18*v + 102. Let x be k(6). What is m(x)?
20
Let y(o) = -21*o**3 + 6*o**2 - 9*o + 14. Let x(r) = 33*r**3 - 8*r**2 + 14*r - 22. Let s(i) = 5*x(i) + 8*y(i). Calculate s(2).
6
Let m be 2/10*2 + (-22)/55. Suppose -5*r + m = 10. Let h(x) be the second derivative of -x**5/20 - x**4/4 - 2*x**3/3 - x**2 + 4*x. Calculate h(r).
2
Let b be (-3 - 1)/4*-1. Suppose j = c + 2*c - b, -4*c - 2 = -3*j. Let n(u) = -u**3 + 4*u**3 + 1 - 8*u**3 + 6*u**3 + 4*u**2 - 6*u**2. What is n(c)?
0
Let t(k) = 2*k**3 - k**2 + k - 9. Let p(f) = f**3 - 5. Let b(z) = 3*p(z) - 2*t(z). Suppose -2*q = -7*q + 10. Determine b(q).
-1
Let w(j) = -3*j**3 - 115*j**2 - 38*j - 3. Let t be w(-38). Let u(o) = -10*o - 21. Calculate u(t).
9
Let d(t) be the second derivative of 2*t**3/3 + 9*t**2/2 - 499*t. Determine d(-2).
1
Let t(x) = 2*x**3 - x**2 + x - 1. Let f(h) = -7*h**3 + 6*h**2 - 4*h - 1. Suppose 19*b - 47 = -28*b. Let w(u) = b*f(u) + 4*t(u). What is w(-2)?
-5
Let k(y) be the first derivative of y**6/40 - y**5/60 - y**4/6 - y**3/2 - 4*y**2 - 7*y - 147. Let j(m) be the second derivative of k(m). Give j(-2).
-23
Let z(w) = 4*w**3 - 222*w**2 + 112*w - 107. Let r be z(55). Let y(q) = -q**3 + 2*q**2 - 4*q + 18. Determine y(r).
-3
Let g(i) be the third derivative of 67*i**4/24 - 325*i**3/6 + 4*i**2 + i - 4. Calculate g(5).
10
Let r(h) = 8*h - 18. Suppose 0 = -3*c - 913 + 898, -5*s + 4*c = -65. Give r(s).
54
Let z(s) = -s**3 - 2*s**2 + 4*s. Let m be ((-6)/(-2) - 3) + 0. Suppose -10*w = -m*w + 30. What is z(w)?
-3
Let j(o) = -o**3 - 13*o**2 + 39*o + 141. Let i be j(-15). Suppose -5*q = 3*m - 33, -2*m + 4*q + i = m. Let t(y) = -y**3 + 7*y**2 - 4*y - 7. Give t(m).
5
Let g be (24/(-9))/((-2)/42). Suppose 3*a - 4*x = -2*x + 72, 4*x + g = 2*a. Suppose -5*v + a = 7. Let h(t) = -t**2 + 2*t - 3. What is h(v)?
-6
Let x = 16802 - 16795. Let g(d) be the first derivative of -d**4/4 + 7*d**3/3 - d**2 + 3*d + 1. Give g(x).
-11
Let d(i) = i**2 - 8*i - 11. Let g be (-284)/(-24) + (-25)/30. Calculate d(g).
22
Let g be ((-18)/(-5))/(320/(-50) - -6). Let s = g + 11. Let v(f) = 3*f**2 - 2*f + 3. Give v(s).
11
Let y(m) = m + 2. Let u be 18/(-15)*(0 - (-20)/(-6)). Let x(p) = -p - 6. Let r(h) = u*y(h) + 3*x(h). Calculate r(7).
-3
Let a(j) be the third derivative of j**6/120 - 7*j**5/60 + j**4/8 + j**3/2 + 378*j**2 + j - 7. Let m be (-22)/(-4) + (-2)/(-4). Determine a(m).
-15
Let d(n) = 6*n + 12. Let u = 28 + 348. Let q be (-1974)/u - 2/(-8). Calculate d(q).
-18
Suppose z + 4*v = 0, -3*v + 8 = 5*z - 26. Let y be 5/8*-4*z/(-10). Let a(t) = 12*t - 2. What is a(y)?
22
Let l(r) be the third derivative of -r**5/30 - 7*r**4/8 + 5*r**3/6 - 2*r**2 - 132*r. Determine l(-15).
-130
Let g be (-450)/(-162) - 2/(-9). Suppose g*p - 2*p - 4*p = 0. Let u(v) be the first derivative of v**4/4 + v**2/2 + 6*v + 2. Give u(p).
6
Let k(g) = 2*g**2 + 24*g + 1. Let s be k(-12). Let w(c) = -6*c + 8*c - s + c**3 + 4*c**2 - c. Let d(x) = -2*x + 12. Let f be d(8). Give w(f).
-5
Let i be (2/10)/((-9)/(-315))*1. Let h(z) = z**3 - 7*z**2 - 3*z + 26. Let q be h(i). Let m(d) = d**3 - 6*d**2 + 8*d - 6. Calculate m(q).
9
Let j(y) be the third derivative of 241*y**2 + 0*y + 1/6*y**3 + 0 + 1/24*y**4. Let v(f) = 2*f - 6. Let h be v(6). Determine j(h).
7
Let c(z) = -z - 15. Let h(s) = s**2 - 7*s + 6. Let x be h(5). Determine c(x).
-11
Let g(c) = c**3 + 10*c**2 - 7*c - 43. Let l(v) = -4*v**3 - 30*v**2 + 20*v + 148. Let a(f) = 7*g(f) + 2*l(f). What is a(8)?
51
Let p(m) = m**3 + 9 - 29*m - 5*m**2 - 6*m + 19*m. What is p(7)?
-5
Let c = -7734 + 7752. Let o(s) = -s**2 + 19*s - 24. Calculate o(c).
-6
Let l be 4/3*(22 + -19). Suppose 6 = -2*g - 5*h, 0 = 2*g - 3*h + 10 - l. Let y(n) = -2*n - 11. Let r(s) = -s. Let q(c) = g*r(c) + y(c). Calculate q(6).
-5
Let u(o) = o**2 + 8*o + 17. Let a be u(-2). Suppose 4*i + 4 = 2*y + y, -5*i = -5*y + a. Let b(l) = -10*l**2 + l + 1. Calculate b(i).
-10
Let i(v) = -121*v - 7. Let a(d) = -69*d - 5. Let f(r) = 7*a(r) - 4*i(r). Suppose -c - 8 = -2*c. What is f(c)?
1
Suppose 7*c + 513 = 34*c. Let h be 2 - (-6)/(-3)*-2. Suppose -p - t + 7 = 0, -h*t + t = p - c. Let k(g) = -g**2 + g + 1. Give k(p).
-11
Let w = 287 + -282. Let t(k) = -k**3 - 6*k + 10. Suppose 0 = 4*h - 32 + 8. Let q(r) = r**3 + r**2 + 6*r - 11. Let c(b) = h*q(b) + 7*t(b). What is c(w)?
-1
Let p(r) = r**2 - 31*r - 4*r**2 - 9*r**3 + 3*r**2 - r**2 + 30*r. Suppose 3*f - 41 = 4. Suppose -27 = 12*d - f. Determine p(d).
9
Let s(u) = 0*u**2 + 14 - 2*u**2 + 2*u + 3*u + u**2. Let b be s(-3). Let v(z) be the first derivative of z**2/2 - z + 1. Calculate v(b).
-11
Let s(u) = 13*u**2 - 1. Let l(x) = -7*x**2 - x + 5. Let q be l(4). Let f = 1214 - 1102. Let p = f + q. Calculate s(p).
12
Let l(q) be the first derivative of -q**4/2 - q**3/3 - q**2/2 - q - 2598. Calculate l(0).
-1
Let k = 34 - 11. Let f(z) = k*z + 0*z + 2*z - 3*z. Let o be (0 - (1 + -3))*100/(-200). Calculate f(o).
-22
Let o(d) be the second derivative of d**5/20 - d**4 + 5*d**3/3 + 8*d**2 - 23*d + 1. Let s be o(11). Let w(k) = 4*k - 2. What is w(s)?
18
Let q be (5 + 1)*7/21. Let b be (-1)/(q/(-8) + 0). Let v(t) = -5*t. Let x(d) = d + 3. Let l(m) = -v(m) - 2*x(m). Determine l(b).
6
Let w(u) = -83*u**2 + 85*u - 2. Let p(z) = -331*z**2 + 312*z - 7. Let t(c) = -3*p(c) + 11*w(c). What is t(-1)?
80
Let m = 113607 + -113614. Let z(d) = 0 + 10 + 1 + d. Calculate z(m).
4
Suppose 2117*c + 24 = -4*t + 2118*c, t + 5*c + 6 = 0. Let j(o) = 12*o + 17. Give j(t).
-55
Let r(y) be the second derivative of -y**5/20 - y**4/2 + y**3/6 + 3*y**2/2 + 260*y. Suppose -3*a - l - 20 = 0, -2*a + 4*l - 1 = 3. What is r(a)?
-3
Let j(l) = -3*l**2 - 58*l + 22. Suppose -140*a = -143*a - 24, 2*c + 3*a + 62 = 0. Give j(c).
41
Let j(t) = -8 - 2 + 6 + t. Suppose -900 = -8*q + 17*q. Let v = 107 + q. What is j(v)?
3
Let n(u) = u**2 - 8*u + 13. Let c = 270 + -267. Give n(c).
-2
Let i(w) = w**2 + 9*w - 14. Let x(t) = 3*t**2 + 3*t - 29. Let p(m) = 5*i(m) - 2*x(m). What is p(39)?
-12
Let b(z) = z**3 + 12*z**2 - z - 15. Suppose -3*n + 4*c + 114 + 113 = 0, 5*n + 4*c - 421 = 0. Let u = 69 - n. Determine b(u).
-3
Let d(f) be the third derivative of 3*f**4/8 + 3*f**3 - 4*f**2. Let w be d(6). Let v(u) = u**3 - 7*u**2 - w + 4*u + 0*u + 82 - 5*u. Give v(7).
3
Let i(p) = -5*p + 19 + p**2 - 11 + 2*p**2 + 22*p - 5*p**2. Calculate i(7).
29
Let j(d) = d**2 + 3*d - 3. Let n = 68 - 79. Let w(y) = y**2 + 3*y - 86. Let p be w(n). Determine j(p).
7
Let t(o) = 3*o**2 + o - 18. Let m(k) = 16*k**2 - 7*k - 178. Let c(h) = -m(h) + 5*t(h). Determine c(-5).
3
Suppose -4*q = 7*h + 9, -3*q + h = -7*q + 9. Let t(v) = -8*v**2 - v + 4. What is t(q)?
-71
Let w = 38 + -31. Let g be 12/42 - ((-425)/w - 0). Let m = g - 57. Let v(c) = -c**2 + 6*c - 3. What is v(m)?
5
Let q(c) = c**2 + 6*c - 7. Let x be (-6)/(-27) + 11690/45. Let m = -267 + x. Calculate q(m).
0
Suppose -1720 = -6*h + 1640. Suppose -562*x = -h*x - 12. Let d(q) = -6*q + q**2 - 4 + 4. Give d(x).
0
Let l(s) be the second derivative of s**4/6 + 19*s**3/3 + 19*s**2/2 + s - 2473. What is l(-18)?
-17
Let x(s) = 9*s**3 - 5*s**2 - 1. Let g(l) be the first derivative of 2*l**4 - 4*l**3/3 - l + 64. Let y(q) = -6*g(q) + 5*x(q). Give y(-1).
3
Suppose -388*y + 383*y + 30 = 0. Let h(m) = -2*m**3 + 12*m**2 - m + 9. What is h(y)?
3
Let i(t) = -t**2 + 7*t - 5. Suppose 34 + 101 = 5*w. Suppose 0 = 25*j - w*j + 12. What is i(j)?
1
Let m be 1776/(-23976)*-1*9. Let c(z) be the third derivative of 1/24*z**4 + 0*z - 20*z**2 + 0 + 1/120*z**6 + 1/15*z**5 - m*z**3. Calculate c(-3).
2
Let b(f) = -8*f - 5. Suppose -4*i - 4*g - 519 + 71 = 0, -4*i = -3*g + 434. Let o = i + 115. Calculate b(o).
-45
Suppose -3*b + 21 = 3*h, 0 = -2*h - b + 15 + 3. Let n(i) = 7*i - h - 6*i + i. Let d be 7/(-21) + 1192/120 + (-10